9711?
True
Is 18 a factor of 1465543055?
False
Is 54070373 a multiple of 202?
False
Is 504 a factor of 5377009?
False
Is 2366 a factor of 475509216?
True
Is 33 a factor of 32113488?
True
Is 1801971646 a multiple of 13?
False
Is 10551948 a multiple of 3?
True
Is 99350580 a multiple of 60?
True
Is 1167540 a multiple of 233?
False
Is 2145 a factor of 236486250?
True
Is 28693765 a multiple of 115?
True
Is 165186217 a multiple of 647?
True
Is 92966983 a multiple of 396?
False
Is 169 a factor of 82836364?
True
Is 28796896 a multiple of 17?
False
Is 1878972641 a multiple of 13?
True
Is 22180464 a multiple of 1448?
True
Does 2 divide 13698308?
True
Is 7 a factor of 83425822?
False
Does 1304 divide 75093448?
True
Is 11 a factor of 750213129?
False
Is 11 a factor of 192423611?
False
Does 455 divide 481190710?
True
Does 107 divide 25913260?
True
Is 561 a factor of 138531657?
True
Is 1882885893 a multiple of 124?
False
Does 119 divide 45138961?
True
Does 6 divide 282512672?
False
Does 836 divide 46294243?
False
Does 46 divide 114370398?
True
Is 57 a factor of 70732839?
True
Does 62 divide 368801792?
True
Does 84 divide 4426191084?
True
Does 88 divide 155758784?
False
Is 332421170 a multiple of 6901?
True
Is 388534992 a multiple of 31?
False
Is 247825 even?
False
Is 35 a factor of 51836715?
True
Is 1815 a factor of 115094021?
False
Does 512 divide 358614528?
True
Is 829456369 a multiple of 2107?
True
Does 20 divide 821268500?
True
Does 2169 divide 430349121?
True
Is 21264910 a multiple of 10?
True
Is 13 a factor of 1682508994?
False
Is 61 a factor of 58142372?
False
Does 60 divide 9222292?
False
Is 31108792 a multiple of 1532?
True
Is 60 a factor of 29571560?
False
Is 3 a factor of 1516500?
True
Is 46 a factor of 246076908?
True
Does 760 divide 101520713?
False
Is 18906804 a multiple of 176?
False
Is 118989306 a multiple of 1485?
False
Is 945103852 a multiple of 2926?
True
Is 16733822 a multiple of 9?
False
Does 76 divide 28040095?
False
Does 46 divide 1653240?
True
Does 373 divide 4304731176?
False
Is 35592978 a multiple of 1181?
True
Is 476134533 a multiple of 4?
False
Is 42120656 a multiple of 1337?
False
Is 734574159 a multiple of 99?
True
Does 4820 divide 855540360?
True
Does 6514 divide 839179335?
False
Is 99136952 a multiple of 8?
True
Is 108 a factor of 257951844?
True
Is 55 a factor of 20755515?
True
Does 855 divide 175804310?
False
Is 12385397 a multiple of 8?
False
Is 1338273144 a multiple of 676?
True
Is 50 a factor of 676975850?
True
Is 3 a factor of 29808294?
True
Is 317 a factor of 472562024?
False
Does 16 divide 368333008?
True
Is 29 a factor of 1075086351?
False
Does 3 divide 24269419?
False
Does 221 divide 30083404?
True
Does 435 divide 588531075?
True
Is 995 a factor of 197709485?
True
Does 40 divide 31922500?
False
Does 5576 divide 232747816?
True
Is 398624743 a multiple of 5536?
False
Is 10 a factor of 2481899?
False
Does 1449 divide 145691226?
False
Is 3183649040 a multiple of 717?
False
Is 50006571 a multiple of 59?
True
Does 98 divide 113585038?
True
Is 13 a factor of 74921522?
True
Is 664 a factor of 539870560?
False
Is 6560989 a multiple of 100?
False
Is 523678612 a multiple of 181?
True
Is 267 a factor of 19517967?
True
Is 317 a factor of 424536656?
False
Is 536487 a multiple of 21?
True
Is 7 a factor of 17547555?
False
Does 298 divide 3749734?
True
Is 2244457566 a multiple of 3042?
True
Is 127651815 a multiple of 1971?
True
Is 862448876 a multiple of 4673?
False
Is 7 a factor of 899920329?
True
Does 446 divide 1522623930?
True
Is 850795128 a multiple of 3384?
True
Does 2154 divide 941444472?
True
Does 11 divide 8945129?
False
Is 163032102 a multiple of 37?
False
Is 77 a factor of 787737593?
False
Does 20 divide 284932389?
False
Is 436053840 a multiple of 60?
True
Is 46 a factor of 1274801072?
False
Does 1477 divide 1759216298?
True
Is 215 a factor of 141691880?
True
Does 4 divide 643323500?
True
Does 994 divide 4546345?
False
Does 2234 divide 46561028?
True
Is 799 a factor of 26754515?
True
Is 1518252 a multiple of 10?
False
Is 2411 a factor of 234836222?
True
Is 2371 a factor of 3056522488?
True
Does 316 divide 434950932?
True
Is 96276600 a multiple of 1698?
True
Is 1026291024 a multiple of 1452?
True
Is 15627150 a multiple of 33?
True
Does 26 divide 104589092?
False
Is 365 a factor of 29067870?
True
Is 82 a factor of 789640831?
False
Is 319248041 a multiple of 14?
False
Is 36743458 a multiple of 130?
False
Does 1013 divide 1135130620?
False
Is 666348294 a multiple of 4909?
False
Is 432483506 a multiple of 21?
False
Does 2567 divide 493205411?
True
Does 2079 divide 436177454?
False
Does 11 divide 538812391?
False
Is 3116 a factor of 30680136?
True
Is 323 a factor of 31382680?
True
Does 190 divide 1135602319?
False
Is 7 a factor of 11214413?
True
Is 50241600 a multiple of 120?
True
Does 48 divide 776514287?
False
Is 304 a factor of 16285031?
False
Is 184688968 a multiple of 13?
False
Is 3 a factor of 606414?
True
Does 7 divide 86978689?
True
Does 28 divide 40988696?
True
Does 779 divide 79042032?
False
Is 10 a factor of 480051940?
True
Is 9 a factor of 360835846?
False
Is 5 a factor of 34673796?
False
Is 22882428 a multiple of 404?
False
Is 595125510 a multiple of 12?
False
Does 3254 divide 309308895?
False
Is 291255356 a multiple of 332?
False
Is 189521502 a multiple of 15?
False
Is 300974954 a multiple of 269?
True
Does 8 divide 307329360?
True
Does 856 divide 98321589?
False
Is 31283235 a multiple of 9?
True
Is 156526611 a multiple of 10?
False
Does 4 divide 19371156?
True
Is 194 a factor of 56962978?
False
Is 189637636 a multiple of 12?
False
Does 167 divide 36967178?
False
Is 109858402 a multiple of 121?
False
Does 179 divide 43346282?
True
Is 284895235 a multiple of 636?
False
Is 9500910 a multiple of 42?
False
Is 24 a factor of 2754386?
False
Is 35 a factor of 1724629?
False
Is 3057274871 a multiple of 83?
True
Is 97 a factor of 21504415?
True
Does 4 divide 32668964?
True
Does 1910 divide 33212807?
False
Does 121 divide 261289569?
False
Does 563 divide 32821211?
True
Is 76483949 a multiple of 19?
True
Does 198 divide 2224908972?
True
Does 104 divide 18048680?
True
Is 356234424 a multiple of 676?
True
Does 2540 divide 194158221?
False
Is 56863719 a multiple of 937?
True
Is 36833892 a multiple of 6?
True
Is 7 a factor of 111921479?
False
Does 67 divide 9199234?
True
Is 25 a factor of 568349600?
True
Is 203344211 a multiple of 472?
False
Does 5543 divide 715130145?
True
Is 3 a factor of 43323594?
True
Does 980 divide 230460427?
False
Does 313 divide 64037802?
False
Is 313 a factor of 1156359094?
True
Is 14 a factor of 117840884?
True
Is 7351814861 a multiple of 16?
False
Is 80 a factor of 648800?
True
Is 35 a factor of 66244535?
True
Does 21 divide 6428688?
True
Is 164 a factor of 30095982?
False
Is 1256 a factor of 48124122?
False
Does 232 divide 3438620?
False
Is 186632588 a multiple of 202?
False
Does 493 divide 5239419?
False
Does 588 divide 386647044?
True
Is 183162108 a multiple of 2402?
True
Does 25 divide 432497?
False
Is 402118800 a multiple of 1720?
True
Is 78786365 a multiple of 512?
False
Is 9 a factor of 17771550?
False
Is 1288 a factor of 55700848?
True
Is 21 a factor of 31782569?
False
Does 197 divide 362929948?
True
Is 870 a factor of 10156380?
True
Is 2 a factor of 40599730?
True
Is 45831974 even?
True
Is 88604372 a multiple of 92?
True
Is 86182032 a multiple of 532?
False
Is 5140928807 a multiple of 1026?
False
Does 2183 divide 2131609997?
True
Is 721955878 a multiple of 3634?
True
Is 33 a factor of 1903486?
False
Does 9 divide 2247999831?
True
Is 18 a factor of 78630559?
False
Is 13 a factor of 75629784?
False
Does 8 divide 58423547?
False
Is 2188318 a multiple of 2?
True
Is 418021245 a multiple of 119?
False
Is 824811336 a multiple of 324?
True
Is 5299847 a multiple of 158?
False
Is 10 a factor of 14779997?
False
Is 79536000 a multiple of 8?
True
Is 97 a factor of 31147573?
True
Does 211 divide 6970304?
False
Is 3085602195 a multiple of 195?
True
Is 14658212 a multiple of 685?
False
Is 9785646 a multiple of 2201?
True
Does 28 divide 12783540?
True
Is 3 a factor of 1038099?
True
Is 8889476 a multiple of 12?
False
Is 398709337 a multiple of 727?
True
Does 3 divide 2044393711?
False
Is 62 a factor of 18